{"id":3390,"date":"2024-01-17T06:42:27","date_gmt":"2024-01-17T06:42:27","guid":{"rendered":"https:\/\/creasoluciones.com.mx\/?page_id=3390"},"modified":"2024-04-15T17:30:20","modified_gmt":"2024-04-15T17:30:20","slug":"aviso-de-privacidad","status":"publish","type":"page","link":"https:\/\/creasoluciones.com.mx\/blog\/aviso-de-privacidad\/","title":{"rendered":"Aviso de privacidad"},"content":{"rendered":"<div id=\"av-layout-grid-2\" class=\"av-layout-grid-container entry-content-wrapper main_color av-flex-cells av-small-hide av-mini-hide avia-builder-el-4 el_after_av_layout_row el_before_av_layout_row submenu-not-first container_wrap fullsize\">\n<div class=\"flex_cell no_margin av_one_full avia-builder-el-5 avia-builder-el-no-sibling \">\n<div class=\"flex_cell_inner\">\n<section class=\"av_textblock_section \">\n<div class=\"avia_textblock av_inherit_color \">\n<p>Su privacidad y confianza son muy importantes para nosotros.<\/p>\n<p>www.creasoluciones.com.mx\u00a0es un sitio web propiedad de\u00a0<strong>CREA Soluciones Patrimoniales en Bienes Ra\u00edces S.C.\u00a0<\/strong>quien es el responsable de este sitio web.<\/p>\n<p>Con fundamento en lo establecido por la Ley Federal de Protecci\u00f3n de Datos Personales en Posesi\u00f3n de Particulares, le informamos que los datos proporcionados mediante este sitio web ser\u00e1n usados \u00fanicamente bajo los lineamientos establecidos en este Aviso de Privacidad, el cual busca garantizar el tratamiento responsable de la informaci\u00f3n recabada bajo los principios de licitud, consentimiento, informaci\u00f3n, calidad, finalidad, lealtad, proporcionalidad y responsabilidad.<\/p>\n<p>Para\u00a0<strong>CREA Soluciones Patrimoniales en Bienes Ra\u00edces S.C.\u00a0<\/strong>resulta necesaria la recopilaci\u00f3n de ciertos datos personales para cumplir con los servicios ofrecidos a nuestros clientes, conforme a nuestro objeto social, misi\u00f3n, visi\u00f3n, y valores.<\/p>\n<p>El tratamiento y protecci\u00f3n a sus datos personales, as\u00ed como el ejercicio de los derechos reconocidos por la ley, se regir\u00e1n por los t\u00e9rminos de este Aviso de Privacidad mismo que estar\u00e1 a su disposici\u00f3n para ser consultado en\u00a0www.creasoluciones.com.mx. Cualquier modificaci\u00f3n al mismo, se har\u00e1 de su conocimiento a trav\u00e9s de los procedimientos descritos posteriormente en el presente documento.<br \/>\n<strong><br \/>\n1. Datos del Responsable<\/strong><br \/>\n<strong>CREA Soluciones Patrimoniales en Bienes Ra\u00edces S.C.\u00a0<\/strong>Av. Insurgentes Sur, No. 1677, Col. Guadalupe Inn, Alcald\u00eda \u00c1lvaro Obreg\u00f3n 01020, Ciudad de M\u00e9xico, M\u00e9xico<br \/>\n<strong><br \/>\n2. Datos Personales<\/strong><br \/>\n<strong>CREA Soluciones Patrimoniales en Bienes Ra\u00edces S.C.\u00a0<\/strong>recabar\u00e1 de usted los datos personales (\u201c<strong><u>Datos Personales<\/u><\/strong>\u201d) que sean necesarios para la adecuada prestaci\u00f3n de sus servicios (\u201c<strong><u>Servicios<\/u><\/strong>\u201d) ya sea (i) directamente o (ii) a trav\u00e9s de sus agentes, promotores, comisionistas o socios comerciales. Dichos Datos Personales incluyen los siguientes:<\/p>\n<p>Datos de identificaci\u00f3n: nombre completo, direcci\u00f3n, tel\u00e9fono de casa, celular y\/o de trabajo, estado civil, firma, firma electr\u00f3nica, RFC, CURP, lugar y fecha de nacimiento, y edad.<br \/>\n2) Datos laborales o comerciales: ocupaci\u00f3n o giro comercial, puesto, \u00e1rea o departamento, domicilio, tel\u00e9fono y correo de trabajo.<br \/>\n3) Datos patrimoniales y empresariales: ingresos y egresos, monto de ventas mensuales, marcas usadas, logotipos, invenciones, n\u00famero de empleados, sitios web y dominios de internet.<\/p>\n<p><strong>3. Finalidad del Tratamiento de Datos<\/strong><br \/>\nLos Datos Personales que nos ha proporcionado ser\u00e1n utilizados para los siguientes fines:<\/p>\n<ul>\n<li>La realizaci\u00f3n de todas las actividades relacionadas con la prestaci\u00f3n de servicios profesionales contratados por usted.<\/li>\n<li>El registro, defensa, y preservaci\u00f3n de activos intelectuales a su favor, as\u00ed como la gesti\u00f3n de cualquier tr\u00e1mite a su nombre, o el cumplimiento de cualquier poder otorgado por usted.<\/li>\n<li>La defensa legal, administraci\u00f3n, capacitaci\u00f3n, y asesor\u00eda profesional contratada por usted.<\/li>\n<li>La oferta de productos o servicios que puedan ser de su inter\u00e9s en relaci\u00f3n a los servicios profesionales contratados por usted, as\u00ed como la vinculaci\u00f3n con programas que pueden serle beneficiosos.<\/li>\n<li>La elaboraci\u00f3n de informes estad\u00edsticos y financieros para nuestro control interno o para cumplir con obligaciones contra\u00eddas con terceros, incluyendo autoridades locales o federales.<\/li>\n<li>Contactarlo para cualquier tema relacionado a los Servicios o al presente Aviso de Privacidad.<\/li>\n<\/ul>\n<ol start=\"4\">\n<li><strong>Transferencia de datos<\/strong><br \/>\n<strong>CREA Soluciones Patrimoniales en Bienes Ra\u00edces S.C.\u00a0<\/strong>requiere transferir sus Datos Personales en la medida que sea necesario para la prestaci\u00f3n de los Servicios dentro e incluso en algunos casos, fuera de la Rep\u00fablica Mexicana.<strong>CREA Soluciones Patrimoniales en Bienes Ra\u00edces S.C.\u00a0<\/strong>se compromete a velar porque se cumplan todos los principios legales de protecci\u00f3n en torno a la transferencia de sus datos personales. De igual forma, manifiesta su compromiso para que se respete en todo momento, por nosotros y por nuestros socios comerciales, el presente Aviso de Privacidad.En este sentido\u00a0<strong>CREA Soluciones Patrimoniales en Bienes Ra\u00edces S.C.\u00a0<\/strong>le informa que para que pueda prestar sus Servicios transferir\u00e1 sus Datos Personales a:<br \/>\n(a) Aquellas personas o entidades que forman parte del grupo econ\u00f3mico de\u00a0<strong>CREA Soluciones Patrimoniales en Bienes Ra\u00edces S.C.<\/strong>.(b) Los socios comerciales de\u00a0<strong>CREA Soluciones Patrimoniales en Bienes Ra\u00edces S.C.\u00a0<\/strong>con el prop\u00f3sito de que dichos socios ofrezcan, administren, y operen los servicios complementarios a los Servicios contratados por usted.(c) Aquellos terceros no afiliados prestadores de servicios auxiliares o complementarios de los Servicios, incluyendo, comisionistas, empresas de procesamiento de datos, empresas de env\u00edo de material de marketing (impreso o electr\u00f3nico), empresas de mensajer\u00eda, seguridad y transporte de valores, agencias de publicidad, especialistas en inform\u00e1tica y sistemas computacionales, empresas de custodia y guarda de informaci\u00f3n (f\u00edsica o en medios electr\u00f3nicos) con el prop\u00f3sito de que estos asistan en la prestaci\u00f3n de los Servicios; y(d) Consultores externos para efecto de la adecuada prestaci\u00f3n de los Servicios.<\/li>\n<li><strong>Medios para Ejercer los Derechos ARCO<\/strong><br \/>\nConforme a la Ley Federal de Protecci\u00f3n de Datos Personales en Posesi\u00f3n de Particulares, el titular por s\u00ed o mediante representante legal debidamente acreditado, a partir del 6 de enero de 2012 Usted podr\u00e1 ejercer sus derechos de acceso, rectificaci\u00f3n, cancelaci\u00f3n y oposici\u00f3n directamente ante la Unidad Especial de Atenci\u00f3n a la Privacidad.<\/li>\n<\/ol>\n<ol>\n<li>Acceso.- Usted podr\u00e1 solicitar en todo momento conocer qu\u00e9 datos suyos han sido recabados y conserva el responsable.<\/li>\n<li>Rectificaci\u00f3n.- En caso de que alguno de sus datos sea inexacto o incompleto podr\u00e1 solicitar su correcci\u00f3n, debiendo adjuntar la documentaci\u00f3n que acredite dicha modificaci\u00f3n.<\/li>\n<li>Cancelaci\u00f3n.- Podr\u00e1 solicitarse en todo momento la cancelaci\u00f3n de los datos; en caso de ser procedente la solicitud, los datos entrar\u00e1n al per\u00edodo de bloqueo en el cual no podr\u00e1n ser tratados de ninguna manera para su posterior supresi\u00f3n.<\/li>\n<li>Oposici\u00f3n.- En todo momento el titular podr\u00e1 negarse por causa justificada al tratamiento de sus datos personales.<\/li>\n<\/ol>\n<p>Para ejercer sus derechos podr\u00e1 dirigirse con el\/la titular de nuestra Direcci\u00f3n Operativa quien es responsable del resguardo de los datos personales en la siguiente direcci\u00f3n electr\u00f3nica: info@creasoluciones.com.mx o a los tel\u00e9fonos que encontrar\u00e1 en\u00a0www.creasoluciones.com.mx<\/p>\n<p><strong>6. Cambios a la Pol\u00edtica de Privacidad<\/strong><br \/>\nCualquier cambio sustancial o total que se realice a la Pol\u00edtica de Privacidad podr\u00e1 ser realizado por\u00a0<strong>CREA Soluciones Patrimoniales en Bienes Ra\u00edces S.C.\u00a0<\/strong>mediante una publicaci\u00f3n en un peri\u00f3dico de amplia circulaci\u00f3n, a trav\u00e9s de nuestra p\u00e1gina\u00a0www.creasoluciones.com.mx, o mediante correo electr\u00f3nico a la direcci\u00f3n que para tales efectos mantenga\u00a0<strong>CREA Soluciones Patrimoniales en Bienes Ra\u00edces S.C.\u00a0<\/strong>registrada.<\/p>\n<\/div>\n<\/section>\n<\/div>\n<\/div>\n<\/div>\n<div id=\"av-layout-grid-3\" class=\"av-layout-grid-container entry-content-wrapper main_color av-flex-cells av-desktop-hide av-medium-hide avia-builder-el-7 el_after_av_layout_row el_before_av_layout_row submenu-not-first container_wrap fullsize\">\n<div class=\"flex_cell no_margin av_one_full avia-builder-el-8 avia-builder-el-no-sibling \">\n<div class=\"flex_cell_inner\">\n<section class=\"av_textblock_section \">\n<div class=\"avia_textblock av_inherit_color \">\n<p>Su privacidad y confianza son muy importantes para nosotros.<\/p>\n<p>www.creasoluciones.com.mx\u00a0es un sitio web propiedad de\u00a0<strong>CREA Soluciones Patrimoniales en Bienes Ra\u00edces S.C.\u00a0<\/strong>quien es el responsable de este sitio web.<\/p>\n<p>Con fundamento en lo establecido por la Ley Federal de Protecci\u00f3n de Datos Personales en Posesi\u00f3n de Particulares, le informamos que los datos proporcionados mediante este sitio web ser\u00e1n usados \u00fanicamente bajo los lineamientos establecidos en este Aviso de Privacidad, el cual busca garantizar el tratamiento responsable de la informaci\u00f3n recabada bajo los principios de licitud, consentimiento, informaci\u00f3n, calidad, finalidad, lealtad, proporcionalidad y responsabilidad.<\/p>\n<p>Para\u00a0<strong>CREA Soluciones Patrimoniales en Bienes Ra\u00edces S.C.\u00a0<\/strong>resulta necesaria la recopilaci\u00f3n de ciertos datos personales para cumplir con los servicios ofrecidos a nuestros clientes, conforme a nuestro objeto social, misi\u00f3n, visi\u00f3n, y valores.<\/p>\n<p>El tratamiento y protecci\u00f3n a sus datos personales, as\u00ed como el ejercicio de los derechos reconocidos por la ley, se regir\u00e1n por los t\u00e9rminos de este Aviso de Privacidad mismo que estar\u00e1 a su disposici\u00f3n para ser consultado en\u00a0www.creasoluciones.com.mx. Cualquier modificaci\u00f3n al mismo, se har\u00e1 de su conocimiento a trav\u00e9s de los procedimientos descritos posteriormente en el presente documento.<br \/>\n<strong><br \/>\n1. Datos del Responsable<\/strong><br \/>\n<strong>CREA Soluciones Patrimoniales en Bienes Ra\u00edces S.C.\u00a0<\/strong>Av. Insurgentes Sur, No. 1677, Col. Guadalupe Inn, Alcald\u00eda \u00c1lvaro Obreg\u00f3n 01020, Ciudad de M\u00e9xico, M\u00e9xico<br \/>\n<strong><br \/>\n2. Datos Personales<\/strong><br \/>\n<strong>CREA Soluciones Patrimoniales en Bienes Ra\u00edces S.C.\u00a0<\/strong>recabar\u00e1 de usted los datos personales (\u201c<strong><u>Datos Personales<\/u><\/strong>\u201d) que sean necesarios para la adecuada prestaci\u00f3n de sus servicios (\u201c<strong><u>Servicios<\/u><\/strong>\u201d) ya sea (i) directamente o (ii) a trav\u00e9s de sus agentes, promotores, comisionistas o socios comerciales. Dichos Datos Personales incluyen los siguientes:<\/p>\n<p>Datos de identificaci\u00f3n: nombre completo, direcci\u00f3n, tel\u00e9fono de casa, celular y\/o de trabajo, estado civil, firma, firma electr\u00f3nica, RFC, CURP, lugar y fecha de nacimiento, y edad.<br \/>\n2) Datos laborales o comerciales: ocupaci\u00f3n o giro comercial, puesto, \u00e1rea o departamento, domicilio, tel\u00e9fono y correo de trabajo.<br \/>\n3) Datos patrimoniales y empresariales: ingresos y egresos, monto de ventas mensuales, marcas usadas, logotipos, invenciones, n\u00famero de empleados, sitios web y dominios de internet.<\/p>\n<p><strong>3. Finalidad del Tratamiento de Datos<\/strong><br \/>\nLos Datos Personales que nos ha proporcionado ser\u00e1n utilizados para los siguientes fines:<\/p>\n<ul>\n<li>La realizaci\u00f3n de todas las actividades relacionadas con la prestaci\u00f3n de servicios profesionales contratados por usted.<\/li>\n<li>El registro, defensa, y preservaci\u00f3n de activos intelectuales a su favor, as\u00ed como la gesti\u00f3n de cualquier tr\u00e1mite a su nombre, o el cumplimiento de cualquier poder otorgado por usted.<\/li>\n<li>La defensa legal, administraci\u00f3n, capacitaci\u00f3n, y asesor\u00eda profesional contratada por usted.<\/li>\n<li>La oferta de productos o servicios que puedan ser de su inter\u00e9s en relaci\u00f3n a los servicios profesionales contratados por usted, as\u00ed como la vinculaci\u00f3n con programas que pueden serle beneficiosos.<\/li>\n<li>La elaboraci\u00f3n de informes estad\u00edsticos y financieros para nuestro control interno o para cumplir con obligaciones contra\u00eddas con terceros, incluyendo autoridades locales o federales.<\/li>\n<li>Contactarlo para cualquier tema relacionado a los Servicios o al presente Aviso de Privacidad.<\/li>\n<\/ul>\n<ol start=\"4\">\n<li><strong>Transferencia de datos<\/strong><br \/>\n<strong>CREA Soluciones Patrimoniales en Bienes Ra\u00edces S.C.\u00a0<\/strong>requiere transferir sus Datos Personales en la medida que sea necesario para la prestaci\u00f3n de los Servicios dentro e incluso en algunos casos, fuera de la Rep\u00fablica Mexicana.<strong>CREA Soluciones Patrimoniales en Bienes Ra\u00edces S.C.\u00a0<\/strong>se compromete a velar porque se cumplan todos los principios legales de protecci\u00f3n en torno a la transferencia de sus datos personales. De igual forma, manifiesta su compromiso para que se respete en todo momento, por nosotros y por nuestros socios comerciales, el presente Aviso de Privacidad.En este sentido\u00a0<strong>CREA Soluciones Patrimoniales en Bienes Ra\u00edces S.C.\u00a0<\/strong>le informa que para que pueda prestar sus Servicios transferir\u00e1 sus Datos Personales a:<br \/>\n(a) Aquellas personas o entidades que forman parte del grupo econ\u00f3mico de\u00a0<strong>CREA Soluciones Patrimoniales en Bienes Ra\u00edces S.C.<\/strong>.(b) Los socios comerciales de\u00a0<strong>CREA Soluciones Patrimoniales en Bienes Ra\u00edces S.C.\u00a0<\/strong>con el prop\u00f3sito de que dichos socios ofrezcan, administren, y operen los servicios complementarios a los Servicios contratados por usted.(c) Aquellos terceros no afiliados prestadores de servicios auxiliares o complementarios de los Servicios, incluyendo, comisionistas, empresas de procesamiento de datos, empresas de env\u00edo de material de marketing (impreso o electr\u00f3nico), empresas de mensajer\u00eda, seguridad y transporte de valores, agencias de publicidad, especialistas en inform\u00e1tica y sistemas computacionales, empresas de custodia y guarda de informaci\u00f3n (f\u00edsica o en medios electr\u00f3nicos) con el prop\u00f3sito de que estos asistan en la prestaci\u00f3n de los Servicios; y(d) Consultores externos para efecto de la adecuada prestaci\u00f3n de los Servicios.<\/li>\n<li><strong>Medios para Ejercer los Derechos ARCO<\/strong><br \/>\nConforme a la Ley Federal de Protecci\u00f3n de Datos Personales en Posesi\u00f3n de Particulares, el titular por s\u00ed o mediante representante legal debidamente acreditado, a partir del 6 de enero de 2012 Usted podr\u00e1 ejercer sus derechos de acceso, rectificaci\u00f3n, cancelaci\u00f3n y oposici\u00f3n directamente ante la Unidad Especial de Atenci\u00f3n a la Privacidad.<\/li>\n<\/ol>\n<ol>\n<li>Acceso.- Usted podr\u00e1 solicitar en todo momento conocer qu\u00e9 datos suyos han sido recabados y conserva el responsable.<\/li>\n<li>Rectificaci\u00f3n.- En caso de que alguno de sus datos sea inexacto o incompleto podr\u00e1 solicitar su correcci\u00f3n, debiendo adjuntar la documentaci\u00f3n que acredite dicha modificaci\u00f3n.<\/li>\n<li>Cancelaci\u00f3n.- Podr\u00e1 solicitarse en todo momento la cancelaci\u00f3n de los datos; en caso de ser procedente la solicitud, los datos entrar\u00e1n al per\u00edodo de bloqueo en el cual no podr\u00e1n ser tratados de ninguna manera para su posterior supresi\u00f3n.<\/li>\n<li>Oposici\u00f3n.- En todo momento el titular podr\u00e1 negarse por causa justificada al tratamiento de sus datos personales.<\/li>\n<\/ol>\n<p>Para ejercer sus derechos podr\u00e1 dirigirse con el\/la titular de nuestra Direcci\u00f3n Operativa quien es responsable del resguardo de los datos personales en la siguiente direcci\u00f3n electr\u00f3nica: info@creasoluciones.com.mx o a los tel\u00e9fonos que encontrar\u00e1 en\u00a0www.creasoluciones.com.mx<\/p>\n<p><strong>6. Cambios a la Pol\u00edtica de Privacidad<\/strong><br \/>\nCualquier cambio sustancial o total que se realice a la Pol\u00edtica de Privacidad podr\u00e1 ser realizado por\u00a0<strong>CREA Soluciones Patrimoniales en Bienes Ra\u00edces S.C.\u00a0<\/strong>mediante una publicaci\u00f3n en un peri\u00f3dico de amplia circulaci\u00f3n, a trav\u00e9s de nuestra p\u00e1gina\u00a0www.creasoluciones.com.mx, o mediante correo electr\u00f3nico a la direcci\u00f3n que para tales efectos mantenga\u00a0<strong>CREA Soluciones Patrimoniales en Bienes Ra\u00edces S.C.\u00a0<\/strong>registrada.<\/p>\n<\/div>\n<\/section>\n<\/div>\n<\/div>\n<\/div>\n","protected":false},"excerpt":{"rendered":"<p>Su privacidad y confianza son muy importantes para nosotros. www.creasoluciones.com.mx\u00a0es un sitio web propiedad de\u00a0CREA Soluciones Patrimoniales en Bienes Ra\u00edces S.C.\u00a0quien es el responsable de este sitio web. Con fundamento en lo establecido por la Ley Federal de Protecci\u00f3n de Datos Personales en Posesi\u00f3n de Particulares, le informamos que los datos proporcionados mediante este sitio [&hellip;]<\/p>\n","protected":false},"author":1,"featured_media":0,"parent":0,"menu_order":0,"comment_status":"closed","ping_status":"closed","template":"","meta":{"_joinchat":[],"footnotes":""},"class_list":["post-3390","page","type-page","status-publish","hentry"],"yoast_head":"<!-- This site is optimized with the Yoast SEO plugin v27.2 - https:\/\/yoast.com\/product\/yoast-seo-wordpress\/ -->\n<title>Aviso de privacidad - Crea Soluciones<\/title>\n<meta name=\"description\" content=\"Conoce nuestra pol\u00edtica de privacidad y c\u00f3mo protegemos tus datos en Crea Soluciones.\" \/>\n<meta name=\"robots\" content=\"noindex, follow\" \/>\n<meta property=\"og:locale\" content=\"es_MX\" \/>\n<meta property=\"og:type\" content=\"article\" \/>\n<meta property=\"og:title\" content=\"Aviso de privacidad - Crea Soluciones\" \/>\n<meta property=\"og:description\" content=\"Conoce nuestra pol\u00edtica de privacidad y c\u00f3mo protegemos tus datos en Crea Soluciones.\" \/>\n<meta property=\"og:url\" content=\"https:\/\/creasoluciones.com.mx\/blog\/aviso-de-privacidad\/\" \/>\n<meta property=\"og:site_name\" content=\"Crea Soluciones\" \/>\n<meta property=\"article:modified_time\" content=\"2024-04-15T17:30:20+00:00\" \/>\n<meta name=\"twitter:card\" content=\"summary_large_image\" \/>\n<meta name=\"twitter:label1\" content=\"Tiempo de lectura\" \/>\n\t<meta name=\"twitter:data1\" content=\"10 minutos\" \/>\n<script type=\"application\/ld+json\" class=\"yoast-schema-graph\">{\"@context\":\"https:\/\/schema.org\",\"@graph\":[{\"@type\":\"WebPage\",\"@id\":\"https:\/\/creasoluciones.com.mx\/blog\/aviso-de-privacidad\/\",\"url\":\"https:\/\/creasoluciones.com.mx\/blog\/aviso-de-privacidad\/\",\"name\":\"Aviso de privacidad - Crea Soluciones\",\"isPartOf\":{\"@id\":\"https:\/\/creasoluciones.com.mx\/blog\/#website\"},\"datePublished\":\"2024-01-17T06:42:27+00:00\",\"dateModified\":\"2024-04-15T17:30:20+00:00\",\"description\":\"Conoce nuestra pol\u00edtica de privacidad y c\u00f3mo protegemos tus datos en Crea Soluciones.\",\"breadcrumb\":{\"@id\":\"https:\/\/creasoluciones.com.mx\/blog\/aviso-de-privacidad\/#breadcrumb\"},\"inLanguage\":\"es\",\"potentialAction\":[{\"@type\":\"ReadAction\",\"target\":[\"https:\/\/creasoluciones.com.mx\/blog\/aviso-de-privacidad\/\"]}]},{\"@type\":\"BreadcrumbList\",\"@id\":\"https:\/\/creasoluciones.com.mx\/blog\/aviso-de-privacidad\/#breadcrumb\",\"itemListElement\":[{\"@type\":\"ListItem\",\"position\":1,\"name\":\"Inicio\",\"item\":\"https:\/\/creasoluciones.com.mx\/blog\/blog\/\"},{\"@type\":\"ListItem\",\"position\":2,\"name\":\"Aviso de privacidad\"}]},{\"@type\":\"WebSite\",\"@id\":\"https:\/\/creasoluciones.com.mx\/blog\/#website\",\"url\":\"https:\/\/creasoluciones.com.mx\/blog\/\",\"name\":\"Crea Soluciones\",\"description\":\"\",\"publisher\":{\"@id\":\"https:\/\/creasoluciones.com.mx\/blog\/#organization\"},\"potentialAction\":[{\"@type\":\"SearchAction\",\"target\":{\"@type\":\"EntryPoint\",\"urlTemplate\":\"https:\/\/creasoluciones.com.mx\/blog\/?s={search_term_string}\"},\"query-input\":{\"@type\":\"PropertyValueSpecification\",\"valueRequired\":true,\"valueName\":\"search_term_string\"}}],\"inLanguage\":\"es\"},{\"@type\":\"Organization\",\"@id\":\"https:\/\/creasoluciones.com.mx\/blog\/#organization\",\"name\":\"CREA Soluciones\",\"url\":\"https:\/\/creasoluciones.com.mx\/blog\/\",\"logo\":{\"@type\":\"ImageObject\",\"inLanguage\":\"es\",\"@id\":\"https:\/\/creasoluciones.com.mx\/blog\/#\/schema\/logo\/image\/\",\"url\":\"https:\/\/creasoluciones.com.mx\/blog\/wp-content\/uploads\/2023\/11\/logo-crea-soluciones.png\",\"contentUrl\":\"https:\/\/creasoluciones.com.mx\/blog\/wp-content\/uploads\/2023\/11\/logo-crea-soluciones.png\",\"width\":350,\"height\":219,\"caption\":\"CREA Soluciones\"},\"image\":{\"@id\":\"https:\/\/creasoluciones.com.mx\/blog\/#\/schema\/logo\/image\/\"}}]}<\/script>\n<!-- \/ Yoast SEO plugin. -->","yoast_head_json":{"title":"Aviso de privacidad - Crea Soluciones","description":"Conoce nuestra pol\u00edtica de privacidad y c\u00f3mo protegemos tus datos en Crea Soluciones.","robots":{"index":"noindex","follow":"follow"},"og_locale":"es_MX","og_type":"article","og_title":"Aviso de privacidad - Crea Soluciones","og_description":"Conoce nuestra pol\u00edtica de privacidad y c\u00f3mo protegemos tus datos en Crea Soluciones.","og_url":"https:\/\/creasoluciones.com.mx\/blog\/aviso-de-privacidad\/","og_site_name":"Crea Soluciones","article_modified_time":"2024-04-15T17:30:20+00:00","twitter_card":"summary_large_image","twitter_misc":{"Tiempo de lectura":"10 minutos"},"schema":{"@context":"https:\/\/schema.org","@graph":[{"@type":"WebPage","@id":"https:\/\/creasoluciones.com.mx\/blog\/aviso-de-privacidad\/","url":"https:\/\/creasoluciones.com.mx\/blog\/aviso-de-privacidad\/","name":"Aviso de privacidad - Crea Soluciones","isPartOf":{"@id":"https:\/\/creasoluciones.com.mx\/blog\/#website"},"datePublished":"2024-01-17T06:42:27+00:00","dateModified":"2024-04-15T17:30:20+00:00","description":"Conoce nuestra pol\u00edtica de privacidad y c\u00f3mo protegemos tus datos en Crea Soluciones.","breadcrumb":{"@id":"https:\/\/creasoluciones.com.mx\/blog\/aviso-de-privacidad\/#breadcrumb"},"inLanguage":"es","potentialAction":[{"@type":"ReadAction","target":["https:\/\/creasoluciones.com.mx\/blog\/aviso-de-privacidad\/"]}]},{"@type":"BreadcrumbList","@id":"https:\/\/creasoluciones.com.mx\/blog\/aviso-de-privacidad\/#breadcrumb","itemListElement":[{"@type":"ListItem","position":1,"name":"Inicio","item":"https:\/\/creasoluciones.com.mx\/blog\/blog\/"},{"@type":"ListItem","position":2,"name":"Aviso de privacidad"}]},{"@type":"WebSite","@id":"https:\/\/creasoluciones.com.mx\/blog\/#website","url":"https:\/\/creasoluciones.com.mx\/blog\/","name":"Crea Soluciones","description":"","publisher":{"@id":"https:\/\/creasoluciones.com.mx\/blog\/#organization"},"potentialAction":[{"@type":"SearchAction","target":{"@type":"EntryPoint","urlTemplate":"https:\/\/creasoluciones.com.mx\/blog\/?s={search_term_string}"},"query-input":{"@type":"PropertyValueSpecification","valueRequired":true,"valueName":"search_term_string"}}],"inLanguage":"es"},{"@type":"Organization","@id":"https:\/\/creasoluciones.com.mx\/blog\/#organization","name":"CREA Soluciones","url":"https:\/\/creasoluciones.com.mx\/blog\/","logo":{"@type":"ImageObject","inLanguage":"es","@id":"https:\/\/creasoluciones.com.mx\/blog\/#\/schema\/logo\/image\/","url":"https:\/\/creasoluciones.com.mx\/blog\/wp-content\/uploads\/2023\/11\/logo-crea-soluciones.png","contentUrl":"https:\/\/creasoluciones.com.mx\/blog\/wp-content\/uploads\/2023\/11\/logo-crea-soluciones.png","width":350,"height":219,"caption":"CREA Soluciones"},"image":{"@id":"https:\/\/creasoluciones.com.mx\/blog\/#\/schema\/logo\/image\/"}}]}},"_links":{"self":[{"href":"https:\/\/creasoluciones.com.mx\/blog\/wp-json\/wp\/v2\/pages\/3390","targetHints":{"allow":["GET"]}}],"collection":[{"href":"https:\/\/creasoluciones.com.mx\/blog\/wp-json\/wp\/v2\/pages"}],"about":[{"href":"https:\/\/creasoluciones.com.mx\/blog\/wp-json\/wp\/v2\/types\/page"}],"author":[{"embeddable":true,"href":"https:\/\/creasoluciones.com.mx\/blog\/wp-json\/wp\/v2\/users\/1"}],"replies":[{"embeddable":true,"href":"https:\/\/creasoluciones.com.mx\/blog\/wp-json\/wp\/v2\/comments?post=3390"}],"version-history":[{"count":3,"href":"https:\/\/creasoluciones.com.mx\/blog\/wp-json\/wp\/v2\/pages\/3390\/revisions"}],"predecessor-version":[{"id":3393,"href":"https:\/\/creasoluciones.com.mx\/blog\/wp-json\/wp\/v2\/pages\/3390\/revisions\/3393"}],"wp:attachment":[{"href":"https:\/\/creasoluciones.com.mx\/blog\/wp-json\/wp\/v2\/media?parent=3390"}],"curies":[{"name":"wp","href":"https:\/\/api.w.org\/{rel}","templated":true}]}}