{"id":10634,"date":"2025-04-08T10:30:11","date_gmt":"2025-04-08T16:30:11","guid":{"rendered":"https:\/\/creasoluciones.com.mx\/?page_id=10634"},"modified":"2025-06-09T09:50:21","modified_gmt":"2025-06-09T15:50:21","slug":"test-fit-arquitectonico","status":"publish","type":"page","link":"https:\/\/creasoluciones.com.mx\/blog\/test-fit-arquitectonico\/","title":{"rendered":"Test Fit Arquitectonico"},"content":{"rendered":"\t\t<div data-elementor-type=\"wp-page\" data-elementor-id=\"10634\" class=\"elementor elementor-10634\" data-elementor-settings=\"{&quot;element_pack_global_tooltip_width&quot;:{&quot;unit&quot;:&quot;px&quot;,&quot;size&quot;:&quot;&quot;,&quot;sizes&quot;:[]},&quot;element_pack_global_tooltip_width_tablet&quot;:{&quot;unit&quot;:&quot;px&quot;,&quot;size&quot;:&quot;&quot;,&quot;sizes&quot;:[]},&quot;element_pack_global_tooltip_width_mobile&quot;:{&quot;unit&quot;:&quot;px&quot;,&quot;size&quot;:&quot;&quot;,&quot;sizes&quot;:[]},&quot;element_pack_global_tooltip_padding&quot;:{&quot;unit&quot;:&quot;px&quot;,&quot;top&quot;:&quot;&quot;,&quot;right&quot;:&quot;&quot;,&quot;bottom&quot;:&quot;&quot;,&quot;left&quot;:&quot;&quot;,&quot;isLinked&quot;:true},&quot;element_pack_global_tooltip_padding_tablet&quot;:{&quot;unit&quot;:&quot;px&quot;,&quot;top&quot;:&quot;&quot;,&quot;right&quot;:&quot;&quot;,&quot;bottom&quot;:&quot;&quot;,&quot;left&quot;:&quot;&quot;,&quot;isLinked&quot;:true},&quot;element_pack_global_tooltip_padding_mobile&quot;:{&quot;unit&quot;:&quot;px&quot;,&quot;top&quot;:&quot;&quot;,&quot;right&quot;:&quot;&quot;,&quot;bottom&quot;:&quot;&quot;,&quot;left&quot;:&quot;&quot;,&quot;isLinked&quot;:true},&quot;element_pack_global_tooltip_border_radius&quot;:{&quot;unit&quot;:&quot;px&quot;,&quot;top&quot;:&quot;&quot;,&quot;right&quot;:&quot;&quot;,&quot;bottom&quot;:&quot;&quot;,&quot;left&quot;:&quot;&quot;,&quot;isLinked&quot;:true},&quot;element_pack_global_tooltip_border_radius_tablet&quot;:{&quot;unit&quot;:&quot;px&quot;,&quot;top&quot;:&quot;&quot;,&quot;right&quot;:&quot;&quot;,&quot;bottom&quot;:&quot;&quot;,&quot;left&quot;:&quot;&quot;,&quot;isLinked&quot;:true},&quot;element_pack_global_tooltip_border_radius_mobile&quot;:{&quot;unit&quot;:&quot;px&quot;,&quot;top&quot;:&quot;&quot;,&quot;right&quot;:&quot;&quot;,&quot;bottom&quot;:&quot;&quot;,&quot;left&quot;:&quot;&quot;,&quot;isLinked&quot;:true}}\" data-elementor-post-type=\"page\">\n\t\t\t\t<div class=\"elementor-element elementor-element-48d0551 e-con-full e-flex e-con e-parent\" data-id=\"48d0551\" data-element_type=\"container\" data-e-type=\"container\" data-settings=\"{&quot;background_background&quot;:&quot;classic&quot;}\">\n\t\t\t\t<div class=\"elementor-element elementor-element-0c9d231 elementor-invisible elementor-widget elementor-widget-heading\" data-id=\"0c9d231\" data-element_type=\"widget\" data-e-type=\"widget\" data-settings=\"{&quot;_animation&quot;:&quot;fadeInLeft&quot;,&quot;motion_fx_motion_fx_scrolling&quot;:&quot;yes&quot;,&quot;motion_fx_translateY_effect&quot;:&quot;yes&quot;,&quot;motion_fx_translateY_direction&quot;:&quot;negative&quot;,&quot;motion_fx_translateY_speed&quot;:{&quot;unit&quot;:&quot;px&quot;,&quot;size&quot;:4,&quot;sizes&quot;:[]},&quot;motion_fx_translateY_affectedRange&quot;:{&quot;unit&quot;:&quot;%&quot;,&quot;size&quot;:&quot;&quot;,&quot;sizes&quot;:{&quot;start&quot;:0,&quot;end&quot;:100}},&quot;motion_fx_devices&quot;:[&quot;desktop&quot;,&quot;tablet&quot;,&quot;mobile&quot;]}\" data-widget_type=\"heading.default\">\n\t\t\t\t<div class=\"elementor-widget-container\">\n\t\t\t\t\t<h1 class=\"elementor-heading-title elementor-size-default\">Test Fit Arquitect\u00f3nico<\/h1>\t\t\t\t<\/div>\n\t\t\t\t<\/div>\n\t\t\t\t<\/div>\n\t\t<div class=\"elementor-element elementor-element-469e2c3 e-flex e-con-boxed e-con e-parent\" data-id=\"469e2c3\" data-element_type=\"container\" data-e-type=\"container\">\n\t\t\t\t\t<div class=\"e-con-inner\">\n\t\t\t\t\t<\/div>\n\t\t\t\t<\/div>\n\t\t<div class=\"elementor-element elementor-element-2a5376b e-flex e-con-boxed e-con e-parent\" data-id=\"2a5376b\" data-element_type=\"container\" data-e-type=\"container\">\n\t\t\t\t\t<div class=\"e-con-inner\">\n\t\t<div class=\"elementor-element elementor-element-ca3d989 e-con-full e-flex elementor-invisible e-con e-child\" data-id=\"ca3d989\" data-element_type=\"container\" data-e-type=\"container\" data-settings=\"{&quot;background_background&quot;:&quot;classic&quot;,&quot;animation&quot;:&quot;fadeInLeft&quot;,&quot;animation_delay&quot;:500}\">\n\t\t\t\t<div class=\"elementor-element elementor-element-28d57af elementor-widget elementor-widget-heading\" data-id=\"28d57af\" data-element_type=\"widget\" data-e-type=\"widget\" data-widget_type=\"heading.default\">\n\t\t\t\t<div class=\"elementor-widget-container\">\n\t\t\t\t\t<h2 class=\"elementor-heading-title elementor-size-default\">Test Fit Arquitectonico<\/h2>\t\t\t\t<\/div>\n\t\t\t\t<\/div>\n\t\t\t\t<div class=\"elementor-element elementor-element-192cf1e elementor-widget elementor-widget-text-editor\" data-id=\"192cf1e\" data-element_type=\"widget\" data-e-type=\"widget\" data-widget_type=\"text-editor.default\">\n\t\t\t\t<div class=\"elementor-widget-container\">\n\t\t\t\t\t\t\t\t\t<p><span style=\"font-weight: 400;\">El anteproyecto arquitect\u00f3nico es una fase clave en el desarrollo inmobiliario, ya que nos permite validar que las recomendaciones del estudio de mercado y el modelo financiero se ajusten al terreno, usos de suelo y segmentaci\u00f3n recomendada. El Test Fit Arquitect\u00f3nico es la primera representaci\u00f3n tangible de tu visi\u00f3n, traduciendo datos y an\u00e1lisis en un dise\u00f1o funcional y atractivo, listo para ser presentado a comit\u00e9s para la autorizaci\u00f3n de financiamiento.<\/span><\/p>\t\t\t\t\t\t\t\t<\/div>\n\t\t\t\t<\/div>\n\t\t\t\t<\/div>\n\t\t<div class=\"elementor-element elementor-element-21389b9 e-con-full e-flex elementor-invisible e-con e-child\" data-id=\"21389b9\" data-element_type=\"container\" data-e-type=\"container\" data-settings=\"{&quot;animation&quot;:&quot;fadeInRight&quot;,&quot;animation_delay&quot;:500}\">\n\t\t\t\t<div class=\"elementor-element elementor-element-a697b9d elementor-widget elementor-widget-html\" data-id=\"a697b9d\" data-element_type=\"widget\" data-e-type=\"widget\" data-widget_type=\"html.default\">\n\t\t\t\t<div class=\"elementor-widget-container\">\n\t\t\t\t\t<div class=\"toggle-container\">\r\n  <div class=\"toggle-item\">\r\n    <button class=\"toggle-title\">Anteproyecto Arquitect\u00f3nico<\/button>\r\n    <div class=\"toggle-content\">\r\n          <p>\r\n          <b>    \u00bfC\u00f3mo transformar los datos y an\u00e1lisis en un dise\u00f1o que valide la viabilidad de tu proyecto y capte la aprobaci\u00f3n de inversionistas?\r\n            <\/b>\r\n            <\/p>\r\n    <ul>\r\n    <li><b>Definici\u00f3n de Espacios:<\/b> Establecemos layouts estrat\u00e9gicos basados en las recomendaciones del estudio de mercado.<\/li>\r\n      <li><b>Visualizaci\u00f3n 3D: <\/b> Generamos representaciones volum\u00e9tricas para prever y ajustar el dise\u00f1o antes de la construcci\u00f3n.<\/li>\r\n<li><b>Optimizaci\u00f3n de Dise\u00f1o: <\/b> Integramos an\u00e1lisis de factibilidad para perfeccionar cada detalle y asegurar la funcionalidad del proyecto.<\/li>\r\n<\/ul>\r\n<br>\r\n      <!-- Botones debajo del primer acorde\u00f3n -->\r\n      <div class=\"button-container\">\r\n        <a href=\"https:\/\/creasoluciones.com.mx\/blog\/contacto\/\" class=\"custom-button\">Cont\u00e1ctanos<\/a>\r\n        <a href=\"https:\/\/creasoluciones.com.mx\/blog\/casos-de-exito\/\" class=\"custom-button\">Casos de \u00c9xito<\/a>\r\n      <\/div>\r\n    <\/div>\r\n  <\/div>\r\n\r\n  <div class=\"toggle-item\">\r\n    <button class=\"toggle-title\">Beneficios del Test Fit Arquitect\u00f3nico<\/button>\r\n    <div class=\"toggle-content\">\r\n      <ul>\r\n      <li><b>Conocemos <\/b>a fondo las caracter\u00edsticas \u00fanicas de tu terreno y sus posibilidades, para adaptar el dise\u00f1o a la realidad del espacio.<\/li>\r\n      <li><b>Establecemos <\/b>layouts estrat\u00e9gicos que maximizan la funcionalidad y el potencial del proyecto, integrando datos de mercado y an\u00e1lisis financiero.<\/li>\r\n      <li><b>Recomendamos <\/b>soluciones de dise\u00f1o que facilitan la aprobaci\u00f3n por comit\u00e9s de financiamiento, demostrando la viabilidad de tu desarrollo.<\/li>\r\n      <li><b>Presentamos <\/b>una visualizaci\u00f3n 3D clara y tangible que permite a los inversionistas comprender y valorar tu propuesta desde el primer momento.<\/li>\r\n      <\/ul>\r\n    <\/div>\r\n  <\/div>\r\n <\/div>\r\n \t\t\t\t<\/div>\n\t\t\t\t<\/div>\n\t\t\t\t<\/div>\n\t\t\t\t\t<\/div>\n\t\t\t\t<\/div>\n\t\t<div class=\"elementor-element elementor-element-55c8a4f elementor-hidden-desktop elementor-hidden-tablet elementor-hidden-mobile e-flex e-con-boxed e-con e-parent\" data-id=\"55c8a4f\" data-element_type=\"container\" data-e-type=\"container\">\n\t\t\t\t\t<div class=\"e-con-inner\">\n\t\t\t\t<div class=\"elementor-element elementor-element-c6dc7f9 elementor-invisible elementor-widget elementor-widget-heading\" data-id=\"c6dc7f9\" data-element_type=\"widget\" data-e-type=\"widget\" data-settings=\"{&quot;_animation&quot;:&quot;fadeInLeft&quot;,&quot;_animation_delay&quot;:600}\" data-widget_type=\"heading.default\">\n\t\t\t\t<div class=\"elementor-widget-container\">\n\t\t\t\t\t<h2 class=\"elementor-heading-title elementor-size-default\">Preguntas Frecuentes<\/h2>\t\t\t\t<\/div>\n\t\t\t\t<\/div>\n\t\t\t\t<div class=\"elementor-element elementor-element-dafff9b elementor-widget elementor-widget-spacer\" data-id=\"dafff9b\" data-element_type=\"widget\" data-e-type=\"widget\" data-widget_type=\"spacer.default\">\n\t\t\t\t<div class=\"elementor-widget-container\">\n\t\t\t\t\t\t\t<div class=\"elementor-spacer\">\n\t\t\t<div class=\"elementor-spacer-inner\"><\/div>\n\t\t<\/div>\n\t\t\t\t\t\t<\/div>\n\t\t\t\t<\/div>\n\t\t\t\t\t<\/div>\n\t\t\t\t<\/div>\n\t\t\t\t<\/div>\n\t\t","protected":false},"excerpt":{"rendered":"<p>Test Fit Arquitect\u00f3nico Test Fit Arquitectonico El anteproyecto arquitect\u00f3nico es una fase clave en el desarrollo inmobiliario, ya que nos permite validar que las recomendaciones del estudio de mercado y el modelo financiero se ajusten al terreno, usos de suelo y segmentaci\u00f3n recomendada. El Test Fit Arquitect\u00f3nico es la primera representaci\u00f3n tangible de tu visi\u00f3n, [&hellip;]<\/p>\n","protected":false},"author":1,"featured_media":0,"parent":0,"menu_order":0,"comment_status":"closed","ping_status":"closed","template":"elementor_header_footer","meta":{"_joinchat":[],"footnotes":""},"class_list":["post-10634","page","type-page","status-publish","hentry"],"yoast_head":"<!-- This site is optimized with the Yoast SEO plugin v27.2 - https:\/\/yoast.com\/product\/yoast-seo-wordpress\/ -->\n<title>Test Fit Arquitect\u00f3nico: Dise\u00f1o Viable para tu Proyecto<\/title>\n<meta name=\"description\" content=\"Valida la viabilidad de tu desarrollo con nuestro Test Arquitect\u00f3nico: layouts estrat\u00e9gicos y visualizaciones 3D alineados a estudios de mercado y financieros.\" \/>\n<meta name=\"robots\" content=\"index, follow, max-snippet:-1, max-image-preview:large, max-video-preview:-1\" \/>\n<meta property=\"og:locale\" content=\"es_MX\" \/>\n<meta property=\"og:type\" content=\"article\" \/>\n<meta property=\"og:title\" content=\"Test Fit Arquitect\u00f3nico: Dise\u00f1o Viable para tu Proyecto\" \/>\n<meta property=\"og:description\" content=\"Valida la viabilidad de tu desarrollo con nuestro Test Arquitect\u00f3nico: layouts estrat\u00e9gicos y visualizaciones 3D alineados a estudios de mercado y financieros.\" \/>\n<meta property=\"og:url\" content=\"https:\/\/creasoluciones.com.mx\/blog\/test-fit-arquitectonico\/\" \/>\n<meta property=\"og:site_name\" content=\"Crea Soluciones\" \/>\n<meta property=\"article:modified_time\" content=\"2025-06-09T15:50:21+00:00\" \/>\n<meta name=\"twitter:card\" content=\"summary_large_image\" \/>\n<meta name=\"twitter:label1\" content=\"Tiempo de lectura\" \/>\n\t<meta name=\"twitter:data1\" content=\"2 minutos\" \/>\n<script type=\"application\/ld+json\" class=\"yoast-schema-graph\">{\"@context\":\"https:\/\/schema.org\",\"@graph\":[{\"@type\":\"WebPage\",\"@id\":\"https:\/\/creasoluciones.com.mx\/blog\/test-fit-arquitectonico\/\",\"url\":\"https:\/\/creasoluciones.com.mx\/blog\/test-fit-arquitectonico\/\",\"name\":\"Test Fit Arquitect\u00f3nico: Dise\u00f1o Viable para tu Proyecto\",\"isPartOf\":{\"@id\":\"https:\/\/creasoluciones.com.mx\/blog\/#website\"},\"datePublished\":\"2025-04-08T16:30:11+00:00\",\"dateModified\":\"2025-06-09T15:50:21+00:00\",\"description\":\"Valida la viabilidad de tu desarrollo con nuestro Test Arquitect\u00f3nico: layouts estrat\u00e9gicos y visualizaciones 3D alineados a estudios de mercado y financieros.\",\"breadcrumb\":{\"@id\":\"https:\/\/creasoluciones.com.mx\/blog\/test-fit-arquitectonico\/#breadcrumb\"},\"inLanguage\":\"es\",\"potentialAction\":[{\"@type\":\"ReadAction\",\"target\":[\"https:\/\/creasoluciones.com.mx\/blog\/test-fit-arquitectonico\/\"]}]},{\"@type\":\"BreadcrumbList\",\"@id\":\"https:\/\/creasoluciones.com.mx\/blog\/test-fit-arquitectonico\/#breadcrumb\",\"itemListElement\":[{\"@type\":\"ListItem\",\"position\":1,\"name\":\"Inicio\",\"item\":\"https:\/\/creasoluciones.com.mx\/blog\/blog\/\"},{\"@type\":\"ListItem\",\"position\":2,\"name\":\"Test Fit Arquitectonico\"}]},{\"@type\":\"WebSite\",\"@id\":\"https:\/\/creasoluciones.com.mx\/blog\/#website\",\"url\":\"https:\/\/creasoluciones.com.mx\/blog\/\",\"name\":\"Crea Soluciones\",\"description\":\"\",\"publisher\":{\"@id\":\"https:\/\/creasoluciones.com.mx\/blog\/#organization\"},\"potentialAction\":[{\"@type\":\"SearchAction\",\"target\":{\"@type\":\"EntryPoint\",\"urlTemplate\":\"https:\/\/creasoluciones.com.mx\/blog\/?s={search_term_string}\"},\"query-input\":{\"@type\":\"PropertyValueSpecification\",\"valueRequired\":true,\"valueName\":\"search_term_string\"}}],\"inLanguage\":\"es\"},{\"@type\":\"Organization\",\"@id\":\"https:\/\/creasoluciones.com.mx\/blog\/#organization\",\"name\":\"CREA Soluciones\",\"url\":\"https:\/\/creasoluciones.com.mx\/blog\/\",\"logo\":{\"@type\":\"ImageObject\",\"inLanguage\":\"es\",\"@id\":\"https:\/\/creasoluciones.com.mx\/blog\/#\/schema\/logo\/image\/\",\"url\":\"https:\/\/creasoluciones.com.mx\/blog\/wp-content\/uploads\/2023\/11\/logo-crea-soluciones.png\",\"contentUrl\":\"https:\/\/creasoluciones.com.mx\/blog\/wp-content\/uploads\/2023\/11\/logo-crea-soluciones.png\",\"width\":350,\"height\":219,\"caption\":\"CREA Soluciones\"},\"image\":{\"@id\":\"https:\/\/creasoluciones.com.mx\/blog\/#\/schema\/logo\/image\/\"}}]}<\/script>\n<!-- \/ Yoast SEO plugin. -->","yoast_head_json":{"title":"Test Fit Arquitect\u00f3nico: Dise\u00f1o Viable para tu Proyecto","description":"Valida la viabilidad de tu desarrollo con nuestro Test Arquitect\u00f3nico: layouts estrat\u00e9gicos y visualizaciones 3D alineados a estudios de mercado y financieros.","robots":{"index":"index","follow":"follow","max-snippet":"max-snippet:-1","max-image-preview":"max-image-preview:large","max-video-preview":"max-video-preview:-1"},"og_locale":"es_MX","og_type":"article","og_title":"Test Fit Arquitect\u00f3nico: Dise\u00f1o Viable para tu Proyecto","og_description":"Valida la viabilidad de tu desarrollo con nuestro Test Arquitect\u00f3nico: layouts estrat\u00e9gicos y visualizaciones 3D alineados a estudios de mercado y financieros.","og_url":"https:\/\/creasoluciones.com.mx\/blog\/test-fit-arquitectonico\/","og_site_name":"Crea Soluciones","article_modified_time":"2025-06-09T15:50:21+00:00","twitter_card":"summary_large_image","twitter_misc":{"Tiempo de lectura":"2 minutos"},"schema":{"@context":"https:\/\/schema.org","@graph":[{"@type":"WebPage","@id":"https:\/\/creasoluciones.com.mx\/blog\/test-fit-arquitectonico\/","url":"https:\/\/creasoluciones.com.mx\/blog\/test-fit-arquitectonico\/","name":"Test Fit Arquitect\u00f3nico: Dise\u00f1o Viable para tu Proyecto","isPartOf":{"@id":"https:\/\/creasoluciones.com.mx\/blog\/#website"},"datePublished":"2025-04-08T16:30:11+00:00","dateModified":"2025-06-09T15:50:21+00:00","description":"Valida la viabilidad de tu desarrollo con nuestro Test Arquitect\u00f3nico: layouts estrat\u00e9gicos y visualizaciones 3D alineados a estudios de mercado y financieros.","breadcrumb":{"@id":"https:\/\/creasoluciones.com.mx\/blog\/test-fit-arquitectonico\/#breadcrumb"},"inLanguage":"es","potentialAction":[{"@type":"ReadAction","target":["https:\/\/creasoluciones.com.mx\/blog\/test-fit-arquitectonico\/"]}]},{"@type":"BreadcrumbList","@id":"https:\/\/creasoluciones.com.mx\/blog\/test-fit-arquitectonico\/#breadcrumb","itemListElement":[{"@type":"ListItem","position":1,"name":"Inicio","item":"https:\/\/creasoluciones.com.mx\/blog\/blog\/"},{"@type":"ListItem","position":2,"name":"Test Fit Arquitectonico"}]},{"@type":"WebSite","@id":"https:\/\/creasoluciones.com.mx\/blog\/#website","url":"https:\/\/creasoluciones.com.mx\/blog\/","name":"Crea Soluciones","description":"","publisher":{"@id":"https:\/\/creasoluciones.com.mx\/blog\/#organization"},"potentialAction":[{"@type":"SearchAction","target":{"@type":"EntryPoint","urlTemplate":"https:\/\/creasoluciones.com.mx\/blog\/?s={search_term_string}"},"query-input":{"@type":"PropertyValueSpecification","valueRequired":true,"valueName":"search_term_string"}}],"inLanguage":"es"},{"@type":"Organization","@id":"https:\/\/creasoluciones.com.mx\/blog\/#organization","name":"CREA Soluciones","url":"https:\/\/creasoluciones.com.mx\/blog\/","logo":{"@type":"ImageObject","inLanguage":"es","@id":"https:\/\/creasoluciones.com.mx\/blog\/#\/schema\/logo\/image\/","url":"https:\/\/creasoluciones.com.mx\/blog\/wp-content\/uploads\/2023\/11\/logo-crea-soluciones.png","contentUrl":"https:\/\/creasoluciones.com.mx\/blog\/wp-content\/uploads\/2023\/11\/logo-crea-soluciones.png","width":350,"height":219,"caption":"CREA Soluciones"},"image":{"@id":"https:\/\/creasoluciones.com.mx\/blog\/#\/schema\/logo\/image\/"}}]}},"_links":{"self":[{"href":"https:\/\/creasoluciones.com.mx\/blog\/wp-json\/wp\/v2\/pages\/10634","targetHints":{"allow":["GET"]}}],"collection":[{"href":"https:\/\/creasoluciones.com.mx\/blog\/wp-json\/wp\/v2\/pages"}],"about":[{"href":"https:\/\/creasoluciones.com.mx\/blog\/wp-json\/wp\/v2\/types\/page"}],"author":[{"embeddable":true,"href":"https:\/\/creasoluciones.com.mx\/blog\/wp-json\/wp\/v2\/users\/1"}],"replies":[{"embeddable":true,"href":"https:\/\/creasoluciones.com.mx\/blog\/wp-json\/wp\/v2\/comments?post=10634"}],"version-history":[{"count":23,"href":"https:\/\/creasoluciones.com.mx\/blog\/wp-json\/wp\/v2\/pages\/10634\/revisions"}],"predecessor-version":[{"id":12419,"href":"https:\/\/creasoluciones.com.mx\/blog\/wp-json\/wp\/v2\/pages\/10634\/revisions\/12419"}],"wp:attachment":[{"href":"https:\/\/creasoluciones.com.mx\/blog\/wp-json\/wp\/v2\/media?parent=10634"}],"curies":[{"name":"wp","href":"https:\/\/api.w.org\/{rel}","templated":true}]}}